759?
7, 7537
What are the prime factors of 8482?
2, 4241
List the prime factors of 31051.
31051
What are the prime factors of 866?
2, 433
List the prime factors of 75395.
5, 17, 887
List the prime factors of 3350.
2, 5, 67
List the prime factors of 11038.
2, 5519
What are the prime factors of 35268?
2, 3, 2939
What are the prime factors of 205625?
5, 7, 47
List the prime factors of 147420.
2, 3, 5, 7, 13
List the prime factors of 14701.
61, 241
List the prime factors of 4046.
2, 7, 17
List the prime factors of 54558.
2, 3, 7, 433
List the prime factors of 438.
2, 3, 73
List the prime factors of 1438.
2, 719
List the prime factors of 108392.
2, 17, 797
List the prime factors of 8784.
2, 3, 61
List the prime factors of 5147.
5147
List the prime factors of 3162.
2, 3, 17, 31
List the prime factors of 91226.
2, 45613
List the prime factors of 1480.
2, 5, 37
List the prime factors of 41539.
41539
What are the prime factors of 2654?
2, 1327
What are the prime factors of 14065?
5, 29, 97
What are the prime factors of 8025?
3, 5, 107
What are the prime factors of 83126?
2, 89, 467
List the prime factors of 25921.
7, 23
What are the prime factors of 1510?
2, 5, 151
List the prime factors of 102157.
11, 37, 251
What are the prime factors of 121738?
2, 60869
List the prime factors of 3249.
3, 19
What are the prime factors of 63?
3, 7
List the prime factors of 27396.
2, 3, 761
What are the prime factors of 1748?
2, 19, 23
List the prime factors of 20804.
2, 7, 743
List the prime factors of 91594.
2, 41, 1117
What are the prime factors of 50398?
2, 113, 223
List the prime factors of 103217.
103217
List the prime factors of 79215.
3, 5, 5281
List the prime factors of 18925.
5, 757
What are the prime factors of 3443?
11, 313
What are the prime factors of 8417?
19, 443
List the prime factors of 8064.
2, 3, 7
List the prime factors of 18209.
131, 139
List the prime factors of 1176.
2, 3, 7
List the prime factors of 1114.
2, 557
What are the prime factors of 13395?
3, 5, 19, 47
What are the prime factors of 39407?
157, 251
List the prime factors of 100799.
100799
List the prime factors of 6364.
2, 37, 43
What are the prime factors of 2264?
2, 283
What are the prime factors of 1482?
2, 3, 13, 19
List the prime factors of 39951.
3, 23, 193
What are the prime factors of 5279?
5279
List the prime factors of 6827.
6827
List the prime factors of 173.
173
What are the prime factors of 1514?
2, 757
What are the prime factors of 333?
3, 37
List the prime factors of 976.
2, 61
What are the prime factors of 130117?
13, 10009
What are the prime factors of 121855?
5, 24371
List the prime factors of 3213.
3, 7, 17
What are the prime factors of 16385?
5, 29, 113
List the prime factors of 15299.
15299
What are the prime factors of 30390?
2, 3, 5, 1013
List the prime factors of 2914.
2, 31, 47
List the prime factors of 5775.
3, 5, 7, 11
List the prime factors of 679.
7, 97
What are the prime factors of 16633?
16633
List the prime factors of 625.
5
List the prime factors of 1324.
2, 331
What are the prime factors of 24049?
24049
What are the prime factors of 8846?
2, 4423
List the prime factors of 72.
2, 3
What are the prime factors of 174?
2, 3, 29
List the prime factors of 843.
3, 281
What are the prime factors of 4240?
2, 5, 53
What are the prime factors of 117135?
3, 5, 19, 137
What are the prime factors of 148872?
2, 3, 6203
What are the prime factors of 1587?
3, 23
List the prime factors of 14567.
7, 2081
List the prime factors of 64325.
5, 31, 83
List the prime factors of 2010.
2, 3, 5, 67
What are the prime factors of 4587?
3, 11, 139
What are the prime factors of 534?
2, 3, 89
List the prime factors of 23754.
2, 3, 37, 107
List the prime factors of 39213.
3, 4357
What are the prime factors of 870?
2, 3, 5, 29
List the prime factors of 28821.
3, 13, 739
What are the prime factors of 698?
2, 349
List the prime factors of 65951.
65951
What are the prime factors of 13826?
2, 31, 223
What are the prime factors of 12560?
2, 5, 157
List the prime factors of 1361.
1361
List the prime factors of 1546.
2, 773
What are the prime factors of 99264?
2, 3, 11, 47
List the prime factors of 884.
2, 13, 17
List the prime factors of 85396.
2, 37, 577
List the prime factors of 47169.
3, 1747
What are the prime factors of 13425?
3, 5, 179
What are the prime factors of 44062?
2, 22031
List the prime factors of 788.
2, 197
What are the prime factors of 3874?
2, 13, 149
List the prime factors of 16841.
11, 1531
What are the prime factors of 237?
3, 79
What are the prime factors of 48950?
2, 5, 11, 89
List the prime factors of 55946.
2, 11, 2543
What are the prime factors of 10159?
10159
What are the prime factors of 64698?
2, 3, 41, 263
List the prime factors of 58804.
2, 61, 241
List the prime factors of 70922.
2, 35461
List the prime factors of 1977.
3, 659
What are the prime factors of 999?
3, 37
List the prime factors of 5619.
3, 1873
List the prime factors of 82826.
2, 41413
List the prime factors of 40715.
5, 17, 479
What are the prime factors of 10060?
2, 5, 503
What are the prime factors of 2043?
3, 227
List the prime factors of 1326.
2, 3, 13, 17
What are the prime factors of 660?
2, 3, 5, 11
What are the prime factors of 2321?
11, 211
List the prime factors of 4685.
5, 937
List the prime factors of 72471.
3, 7, 17, 29
What are the prime factors of 843?
3, 281
What are the prime factors of 5999?
7, 857
What are the prime factors of 17199?
3, 7, 13
List the prime factors of 985.
5, 197
What are the prime factors of 1957?
19, 103
List the prime factors of 12825.
3, 5, 19
List the prime factors of 510.
2, 3, 5, 17
List the prime factors of 4087.
61, 67
List the prime factors of 24771.
3, 23, 359
List the prime factors of 2105.
5, 421
List the prime factors of 10590.
2, 3, 5, 353
List the prime factors of 31337.
31337
List the prime factors of 38635.
5, 7727
What are the prime factors of 1390?
2, 5, 139
List the prime factors of 432.
2, 3
What are the prime factors of 253?
11, 23
List the prime factors of 3667.
19, 193
List the prime factors of 10.
2, 5
What are the prime factors of 8383?
83, 101
List the prime factors of 3533.
3533
What are the prime factors of 30113?
30113
What are the prime factors of 72987?
3, 24329
List the prime factors of 13286.
2, 7, 13, 73
List the prime factors of 44534.
2, 7, 3181
What are the prime factors of 10199?
7, 31, 47
What are the prime factors of 14031?
3, 1559
What are the prime factors of 862?
2, 431
List the prime factors of 1140.
2, 3, 5, 19
List the prime factors of 5352.
2, 3, 223
What are the prime factors of 29238?
2, 3, 11, 443
List the prime factors of 39241.
39241
List the prime factors of 50960.
2, 5, 7, 13
What are the prime factors of 6977?
6977
List the prime factors of 46350.
2, 3, 5, 103
What are the prime factors of 1758?
2, 3, 293
List the prime factors of 5569.
5569
List the prime factors of 12749.
11, 19, 61
List the prime factors of 913.
11, 83
What are the prime factors of 61?
61
List the prime factors of 16436.
2, 7, 587
What are the prime factors of 681?
3, 227
List the prime factors of 14236.
2, 3559
What are the prime factors of 8516?
2, 2129
List the prime factors of 16028.
2, 4007
What are the prime factors of 14238?
2, 3, 7, 113
List the prime factors of 58573.
58573
List the prime factors of 1775.
5, 71
List the prime factors of 7436.
2, 11, 13
List the prime factors of 14991.
3, 19, 263
List the prime factors of 153455.
5, 47, 653
What are the prime factors of 1363?
29, 47
List the prime factors of 13160.
2, 5, 7, 47
List the prime factors of 128888.
2, 16111
What are the prime factors of 383?
383
List the prime factors of 65.
5, 13
What are the prime factors of 1198?
2, 599
What are the prime factors of 4371?
3, 31, 47
List the prime factors of 79853.
47, 1699
What are the prime factors of 807?
3, 269
List the prime factors of 2179.
2179
What are the prime factors of 1370?
2, 5, 137
List the prime factors of 5749.
5749
List the prime factors of 113595.
3, 5, 7573
List the prime factors of 59157.
3, 7, 313
What are the prime factors of 8434?
2, 4217
What are the prime factors of 310?
2, 5, 31
List the prime factors of 5975.
5, 239
What are the prime factors of 20054?
2, 37, 271
List the prime factors of 38072.
2, 4